{"id":27,"date":"2026-04-13T12:12:55","date_gmt":"2026-04-13T12:12:55","guid":{"rendered":"https:\/\/www.rothhaupt-elektro.de\/?page_id=27"},"modified":"2026-04-14T15:39:06","modified_gmt":"2026-04-14T15:39:06","slug":"impressum","status":"publish","type":"page","link":"https:\/\/www.rothhaupt-elektro.de\/index.php\/impressum\/","title":{"rendered":"Impressum"},"content":{"rendered":"<p>[et_pb_section fb_built=&#8220;1&#8243; _builder_version=&#8220;4.27.6&#8243; _module_preset=&#8220;default&#8220; background_color=&#8220;#ffd600&#8243; background_image=&#8220;https:\/\/www.rothhaupt-elektro.de\/wp-content\/uploads\/2026\/03\/electric-services-47-1.png&#8220; global_colors_info=&#8220;{}&#8220;][et_pb_row _builder_version=&#8220;4.27.6&#8243; _module_preset=&#8220;default&#8220; global_colors_info=&#8220;{}&#8220;][et_pb_column type=&#8220;4_4&#8243; _builder_version=&#8220;4.27.6&#8243; _module_preset=&#8220;default&#8220; global_colors_info=&#8220;{}&#8220;][et_pb_text _builder_version=&#8220;4.27.6&#8243; _module_preset=&#8220;default&#8220; text_line_height=&#8220;2em&#8220; header_font=&#8220;|700|||||||&#8220; header_font_size=&#8220;76px&#8220; hover_enabled=&#8220;0&#8243; global_colors_info=&#8220;{}&#8220; sticky_enabled=&#8220;0&#8243;]<\/p>\n<h1>Impressum<\/h1>\n<p>&nbsp;<\/p>\n<p>Verantwortlich:<br \/>K. Rothhaupt Elektrofachgro\u00dfhandel GmbH<br \/>Ludwig-Erhard-Stra\u00dfe 24<br \/>55593 R\u00fcdesheim<\/p>\n<p><strong>Kontakt:<\/strong><br \/>Telefon: 0 671 \/ 263 55<br \/>Telefax: 0 671 \/ 427 39<br \/>e-mail: info@rothhauptgmbh.de<\/p>\n<p><strong>Gesch\u00e4ftsf\u00fchrer:<\/strong><\/p>\n<p>Bernd Rothhaupt , Dipl.-Kfm. J\u00f6rg Rothhaupt<\/p>\n<p>Handelsregister: Amtsgericht Bad Kreuznach, HRB-Nr. 1866<br \/>Umsatzsteuer-Identifikationsnummer: DE 148 121 132<\/p>\n<p>Rechtliche Hinweise:<br \/>\u00a9 K. Rothhaupt GmbH<br \/>Alle Rechte vorbehalten<\/p>\n<p>Die auf den K. Rothhaupt-Web-Seiten dargestellten Informationen und Bilder unterliegen dem Urheberrecht. Die Inhalte inklusive dem Bild-material sind ausschlie\u00dflich f\u00fcr den pers\u00f6nlichen Bedarf zu nutzen. Unautorisiertes Kopieren, Speichern und Vervielf\u00e4ltigen bzw. Verwenden von Inhalten aus www.rothhauptgmbh.de sind untersagt.<br \/>Technische und informelle \u00c4nderungen sowie Irrt\u00fcmer bleiben vorbehalten. K. Rothhaupt \u00fcbernimmt keine Haftung f\u00fcr die Zugangsm\u00f6glichkeiten oder die Zugriffsqualit\u00e4t sowie die Art der Darstellung der Web-Seiten.<\/p>\n<p><strong>Haftungshinweis:<\/strong><br \/>Trotz sorgf\u00e4ltiger inhaltlicher Kontrolle \u00fcbernehmen wir keine Haftung f\u00fcr die Inhalte externer Links. F\u00fcr den Inhalt der verlinkten Seiten sind ausschlie\u00dflich deren Betreiber verantwortlich.<br \/>Inhaber und Verantwortlicher gem\u00e4\u00df \u00a710 Abs. 3 MDStV Sowie \u00a76 TLDG:<br \/>K. Rothhaupt GmbH<br \/><strong>Datenschutz<\/strong><br \/>Die uns von Ihnen zur Verf\u00fcgung gestellten Daten werden unter Beachtung der geltenden Datenschutzvorschriften von uns gespeichert und f\u00fcr die auf dieser Seite genannten Zwecke von uns verarbeitet.<br \/>K. Rothhaupt GmbH wahrt die Vertraulichkeit Ihrer Daten und wird sie nicht verkaufen, vermieten oder Dritten verf\u00fcgbar machen.<br \/><strong>Internet-Links<\/strong><br \/>Die Webseiten von &#8222;K. Rothhaupt GmbH&#8220; enthalten auch weiterf\u00fchrende Links zu Webseiten anderer Anbieter. Bei der ersten Verkn\u00fcpfung wurde das fremde Angebot auf rechtswidrige Inhalte \u00fcberpr\u00fcft. F\u00fcr fremde Inhalte, die \u00fcber solche Links erreichbar sind, ist die Firma K. Rothhaupt GmbH nicht verantwortlich. Wenn wir feststellen oder darauf hingewiesen werden, dass ein verlinktes Angebot rechtswidrigen Inhalt aufweist, wird dieser Link von unserer Seite entfernt.<br \/><strong>Verwendung von Cookies<\/strong><br \/>&#8222;Cookies&#8220; sind kleine Textdateien, die die Benutzung unserer Seiten erleichtern. Diese Cookies enthalten keine personenspezifischen Informationen, so dass Ihre Privatsph\u00e4re gesch\u00fctzt wird. Die Cookies enthalten weder Ihre Mail-Adresse, noch sagen Sie uns, wer Sie sind. Die meisten Internet-Browser akzeptieren Cookies automatisch. Diese Einstellung k\u00f6nnen Sie auch \u00e4ndern, um dies zu vermeiden.<br \/><strong>Download von Dateien<\/strong><br \/>F\u00fcr Service-Zwecke stellt &#8222;K. Rothhaupt GmbH&#8220; Dateien zum Download bereit. Dieser Download erfolgt auf eigene Gefahr. Die Firma K. Rothhaupt GmbH haftet nicht f\u00fcr Sch\u00e4den, die aus der Installation oder der Nutzung von Software aus dem Download-Bereich erfolgen, soweit dies gesetzlich zul\u00e4ssig ist. Trotz aktueller Virenpr\u00fcfung ist eine Haftung f\u00fcr Sch\u00e4den und Beeintr\u00e4chtigungendurch Computerviren im Rahmen der gesetzlichen Regelungen ausgeschlossen<br \/><strong>Gestaltung der Webseite:<\/strong><br \/>Karsch Internet and More<br \/>Inh. Stephan Karsch<br \/>Beinde 9<br \/>67824 Feilbingert<br \/>Tel.: +49 (671) 48 02 65<br \/>Fax.: +49 (671 46 53 4<br \/>Homepage : http:\/\/www.karsch-net.de<br \/>E-Mail : info@karsch-net.de<\/p>\n<p>[\/et_pb_text][\/et_pb_column][\/et_pb_row][\/et_pb_section]<\/p>\n","protected":false},"excerpt":{"rendered":"<p>Impressum &nbsp; Verantwortlich:K. Rothhaupt Elektrofachgro\u00dfhandel GmbHLudwig-Erhard-Stra\u00dfe 2455593 R\u00fcdesheim Kontakt:Telefon: 0 671 \/ 263 55Telefax: 0 671 \/ 427 39e-mail: info@rothhauptgmbh.de Gesch\u00e4ftsf\u00fchrer: Bernd Rothhaupt , Dipl.-Kfm. J\u00f6rg Rothhaupt Handelsregister: Amtsgericht Bad Kreuznach, HRB-Nr. 1866Umsatzsteuer-Identifikationsnummer: DE 148 121 132 Rechtliche Hinweise:\u00a9 K. Rothhaupt GmbHAlle Rechte vorbehalten Die auf den K. Rothhaupt-Web-Seiten dargestellten Informationen und Bilder unterliegen dem [&hellip;]<\/p>\n","protected":false},"author":1,"featured_media":0,"parent":0,"menu_order":0,"comment_status":"closed","ping_status":"closed","template":"","meta":{"_et_pb_use_builder":"on","_et_pb_old_content":"<!-- wp:divi\/placeholder \/-->","_et_gb_content_width":"","footnotes":""},"class_list":["post-27","page","type-page","status-publish","hentry"],"_links":{"self":[{"href":"https:\/\/www.rothhaupt-elektro.de\/index.php\/wp-json\/wp\/v2\/pages\/27","targetHints":{"allow":["GET"]}}],"collection":[{"href":"https:\/\/www.rothhaupt-elektro.de\/index.php\/wp-json\/wp\/v2\/pages"}],"about":[{"href":"https:\/\/www.rothhaupt-elektro.de\/index.php\/wp-json\/wp\/v2\/types\/page"}],"author":[{"embeddable":true,"href":"https:\/\/www.rothhaupt-elektro.de\/index.php\/wp-json\/wp\/v2\/users\/1"}],"replies":[{"embeddable":true,"href":"https:\/\/www.rothhaupt-elektro.de\/index.php\/wp-json\/wp\/v2\/comments?post=27"}],"version-history":[{"count":5,"href":"https:\/\/www.rothhaupt-elektro.de\/index.php\/wp-json\/wp\/v2\/pages\/27\/revisions"}],"predecessor-version":[{"id":130,"href":"https:\/\/www.rothhaupt-elektro.de\/index.php\/wp-json\/wp\/v2\/pages\/27\/revisions\/130"}],"wp:attachment":[{"href":"https:\/\/www.rothhaupt-elektro.de\/index.php\/wp-json\/wp\/v2\/media?parent=27"}],"curies":[{"name":"wp","href":"https:\/\/api.w.org\/{rel}","templated":true}]}}