{"id":19,"date":"2026-04-13T12:12:50","date_gmt":"2026-04-13T12:12:50","guid":{"rendered":"https:\/\/www.rothhaupt-elektro.de\/?page_id=19"},"modified":"2026-04-14T15:49:18","modified_gmt":"2026-04-14T15:49:18","slug":"firmenportrait","status":"publish","type":"page","link":"https:\/\/www.rothhaupt-elektro.de\/index.php\/firmenportrait\/","title":{"rendered":"Firmenportrait"},"content":{"rendered":"<p>[et_pb_section fb_built=&#8220;1&#8243; _builder_version=&#8220;4.27.6&#8243; _module_preset=&#8220;default&#8220; background_color=&#8220;#ffd600&#8243; background_image=&#8220;https:\/\/www.rothhaupt-elektro.de\/wp-content\/uploads\/2026\/03\/electric-services-47-1.png&#8220; custom_padding=&#8220;||0px|||&#8220; global_colors_info=&#8220;{}&#8220;][et_pb_row column_structure=&#8220;3_5,2_5&#8243; _builder_version=&#8220;4.27.6&#8243; _module_preset=&#8220;default&#8220; global_colors_info=&#8220;{}&#8220;][et_pb_column type=&#8220;3_5&#8243; _builder_version=&#8220;4.27.6&#8243; _module_preset=&#8220;default&#8220; global_colors_info=&#8220;{}&#8220;][et_pb_text _builder_version=&#8220;4.27.6&#8243; _module_preset=&#8220;default&#8220; text_font_size=&#8220;24px&#8220; text_line_height=&#8220;2em&#8220; header_font=&#8220;|700|||||||&#8220; header_font_size=&#8220;76px&#8220; global_colors_info=&#8220;{}&#8220;]<\/p>\n<h1>Firmenportrait<\/h1>\n<p>&nbsp;<\/p>\n<p>[\/et_pb_text][\/et_pb_column][et_pb_column type=&#8220;2_5&#8243; _builder_version=&#8220;4.27.6&#8243; _module_preset=&#8220;default&#8220; global_colors_info=&#8220;{}&#8220;][et_pb_text _builder_version=&#8220;4.27.6&#8243; _module_preset=&#8220;default&#8220; global_colors_info=&#8220;{}&#8220;]<\/p>\n<p><strong>\u00d6ffnungszeiten<\/strong><\/p>\n<p><span>Mo. &#8211; Fr.\u00a0\u00a0 08:00 &#8211; 12:30 Uhr<\/span><br \/><span>Mo. &#8211; Do. 13:30 &#8211; 17:00 Uhr<\/span><br \/><span>Fr.\u00a0\u00a0\u00a0\u00a0\u00a0\u00a0\u00a0\u00a0\u00a0\u00a0\u00a0\u00a0 13:30\u00a0&#8211; 16:00 Uhr<\/span><\/p>\n<p>[\/et_pb_text][\/et_pb_column][\/et_pb_row][et_pb_row _builder_version=&#8220;4.27.6&#8243; _module_preset=&#8220;default&#8220; global_colors_info=&#8220;{}&#8220;][et_pb_column type=&#8220;4_4&#8243; _builder_version=&#8220;4.27.6&#8243; _module_preset=&#8220;default&#8220; global_colors_info=&#8220;{}&#8220;][et_pb_text _builder_version=&#8220;4.27.6&#8243; _module_preset=&#8220;default&#8220; global_colors_info=&#8220;{}&#8220;]<\/p>\n<p>Seit 1978 ist die Elektrofachgro\u00dfhandlung K. Rothhaupt GmbH als fachlich kompetenter Ansprechpartner f\u00fcr Handwerk, Handel und Industrie regional und \u00fcberregional bekannt.<br \/>Ein agiles Team aus geschulten und langj\u00e4hrig erfahrenen Mitarbeitern erm\u00f6glicht eine direkte und schnelle Bearbeitung aller Anfragen und Auftr\u00e4ge.<br \/>Wir legen Wert auf eine freundliche und fachlich kompetente Beratung.<br \/>F\u00fcr uns gibt es keine Verst\u00e4ndigungsprobleme, wir \u201esprechen\u201c die Sprache des Elektrotechnikers.<br \/>Auch Sonderartikel und seltene Leuchtmittel k\u00f6nnen \u00fcber uns bezogen werden.<\/p>\n<p>&nbsp;<\/p>\n<p>St\u00f6bern Sie in unserem Verkaufsraum:<\/p>\n<p>[\/et_pb_text][\/et_pb_column][\/et_pb_row][et_pb_row column_structure=&#8220;1_2,1_2&#8243; _builder_version=&#8220;4.27.6&#8243; _module_preset=&#8220;default&#8220; custom_margin=&#8220;0px||||false|false&#8220; custom_padding=&#8220;0px||||false|false&#8220; global_colors_info=&#8220;{}&#8220;][et_pb_column type=&#8220;1_2&#8243; _builder_version=&#8220;4.27.6&#8243; _module_preset=&#8220;default&#8220; global_colors_info=&#8220;{}&#8220;][et_pb_image src=&#8220;https:\/\/www.rothhaupt-elektro.de\/wp-content\/uploads\/2026\/04\/p1000331.jpg&#8220; title_text=&#8220;p1000331&#8243; _builder_version=&#8220;4.27.6&#8243; _module_preset=&#8220;default&#8220; global_colors_info=&#8220;{}&#8220;][\/et_pb_image][\/et_pb_column][et_pb_column type=&#8220;1_2&#8243; _builder_version=&#8220;4.27.6&#8243; _module_preset=&#8220;default&#8220; global_colors_info=&#8220;{}&#8220;][et_pb_image src=&#8220;https:\/\/www.rothhaupt-elektro.de\/wp-content\/uploads\/2026\/04\/p1000332.jpg&#8220; title_text=&#8220;p1000332&#8243; _builder_version=&#8220;4.27.6&#8243; _module_preset=&#8220;default&#8220; global_colors_info=&#8220;{}&#8220;][\/et_pb_image][\/et_pb_column][\/et_pb_row][et_pb_row _builder_version=&#8220;4.27.6&#8243; _module_preset=&#8220;default&#8220; global_colors_info=&#8220;{}&#8220;][et_pb_column type=&#8220;4_4&#8243; _builder_version=&#8220;4.27.6&#8243; _module_preset=&#8220;default&#8220; global_colors_info=&#8220;{}&#8220;][et_pb_text _builder_version=&#8220;4.27.6&#8243; _module_preset=&#8220;default&#8220; global_colors_info=&#8220;{}&#8220;]<\/p>\n<p>Hier lagern wir die Artikel f\u00fcr Sie:<\/p>\n<p>[\/et_pb_text][\/et_pb_column][\/et_pb_row][et_pb_row column_structure=&#8220;1_3,1_3,1_3&#8243; _builder_version=&#8220;4.27.6&#8243; _module_preset=&#8220;default&#8220; global_colors_info=&#8220;{}&#8220;][et_pb_column type=&#8220;1_3&#8243; _builder_version=&#8220;4.27.6&#8243; _module_preset=&#8220;default&#8220; global_colors_info=&#8220;{}&#8220;][et_pb_image src=&#8220;https:\/\/www.rothhaupt-elektro.de\/wp-content\/uploads\/2026\/04\/p1000328.jpg&#8220; title_text=&#8220;p1000328&#8243; _builder_version=&#8220;4.27.6&#8243; _module_preset=&#8220;default&#8220; global_colors_info=&#8220;{}&#8220;][\/et_pb_image][\/et_pb_column][et_pb_column type=&#8220;1_3&#8243; _builder_version=&#8220;4.27.6&#8243; _module_preset=&#8220;default&#8220; global_colors_info=&#8220;{}&#8220;][et_pb_image src=&#8220;https:\/\/www.rothhaupt-elektro.de\/wp-content\/uploads\/2026\/04\/p1000329.jpg&#8220; title_text=&#8220;p1000329&#8243; _builder_version=&#8220;4.27.6&#8243; _module_preset=&#8220;default&#8220; global_colors_info=&#8220;{}&#8220;][\/et_pb_image][\/et_pb_column][et_pb_column type=&#8220;1_3&#8243; _builder_version=&#8220;4.27.6&#8243; _module_preset=&#8220;default&#8220; global_colors_info=&#8220;{}&#8220;][et_pb_image src=&#8220;https:\/\/www.rothhaupt-elektro.de\/wp-content\/uploads\/2026\/04\/p1000330.jpg&#8220; title_text=&#8220;p1000330&#8243; _builder_version=&#8220;4.27.6&#8243; _module_preset=&#8220;default&#8220; global_colors_info=&#8220;{}&#8220;][\/et_pb_image][\/et_pb_column][\/et_pb_row][et_pb_row column_structure=&#8220;1_6,1_6,1_6,1_6,1_6,1_6&#8243; make_equal=&#8220;on&#8220; _builder_version=&#8220;4.27.6&#8243; _module_preset=&#8220;default&#8220; background_color=&#8220;#FFFFFF&#8220; width=&#8220;100%&#8220; max_width=&#8220;100%&#8220; hover_enabled=&#8220;0&#8243; custom_css_free_form=&#8220;img {padding-left:22px;}&#8220; global_module=&#8220;134&#8243; saved_tabs=&#8220;all&#8220; global_colors_info=&#8220;{}&#8220; custom_margin=&#8220;60px||||false|false&#8220; sticky_enabled=&#8220;0&#8243;][et_pb_column type=&#8220;1_6&#8243; _builder_version=&#8220;4.27.6&#8243; _module_preset=&#8220;default&#8220; global_colors_info=&#8220;{}&#8220;][et_pb_image src=&#8220;https:\/\/www.rothhaupt-elektro.de\/wp-content\/uploads\/2026\/04\/abb.jpg&#8220; title_text=&#8220;abb&#8220; _builder_version=&#8220;4.27.6&#8243; _module_preset=&#8220;default&#8220; global_colors_info=&#8220;{}&#8220;][\/et_pb_image][\/et_pb_column][et_pb_column type=&#8220;1_6&#8243; _builder_version=&#8220;4.27.6&#8243; _module_preset=&#8220;default&#8220; global_colors_info=&#8220;{}&#8220;][et_pb_image src=&#8220;https:\/\/www.rothhaupt-elektro.de\/wp-content\/uploads\/2026\/04\/osram.gif&#8220; title_text=&#8220;osram&#8220; _builder_version=&#8220;4.27.6&#8243; _module_preset=&#8220;default&#8220; global_colors_info=&#8220;{}&#8220;][\/et_pb_image][\/et_pb_column][et_pb_column type=&#8220;1_6&#8243; _builder_version=&#8220;4.27.6&#8243; _module_preset=&#8220;default&#8220; global_colors_info=&#8220;{}&#8220;][et_pb_image src=&#8220;https:\/\/www.rothhaupt-elektro.de\/wp-content\/uploads\/2026\/04\/siedle.gif&#8220; title_text=&#8220;siedle&#8220; _builder_version=&#8220;4.27.6&#8243; _module_preset=&#8220;default&#8220; global_colors_info=&#8220;{}&#8220;][\/et_pb_image][\/et_pb_column][et_pb_column type=&#8220;1_6&#8243; _builder_version=&#8220;4.27.6&#8243; _module_preset=&#8220;default&#8220; global_colors_info=&#8220;{}&#8220;][et_pb_image src=&#8220;https:\/\/www.rothhaupt-elektro.de\/wp-content\/uploads\/2026\/04\/hager.gif&#8220; title_text=&#8220;hager&#8220; _builder_version=&#8220;4.27.6&#8243; _module_preset=&#8220;default&#8220; global_colors_info=&#8220;{}&#8220;][\/et_pb_image][\/et_pb_column][et_pb_column type=&#8220;1_6&#8243; _builder_version=&#8220;4.27.6&#8243; _module_preset=&#8220;default&#8220; global_colors_info=&#8220;{}&#8220;][et_pb_image src=&#8220;https:\/\/www.rothhaupt-elektro.de\/wp-content\/uploads\/2026\/04\/bosch.jpg&#8220; title_text=&#8220;bosch&#8220; _builder_version=&#8220;4.27.6&#8243; _module_preset=&#8220;default&#8220; global_colors_info=&#8220;{}&#8220;][\/et_pb_image][\/et_pb_column][et_pb_column type=&#8220;1_6&#8243; _builder_version=&#8220;4.27.6&#8243; _module_preset=&#8220;default&#8220; global_colors_info=&#8220;{}&#8220;][et_pb_image src=&#8220;https:\/\/www.rothhaupt-elektro.de\/wp-content\/uploads\/2026\/04\/merten.gif&#8220; title_text=&#8220;merten&#8220; _builder_version=&#8220;4.27.6&#8243; _module_preset=&#8220;default&#8220; global_colors_info=&#8220;{}&#8220;][\/et_pb_image][\/et_pb_column][\/et_pb_row][\/et_pb_section]<\/p>\n","protected":false},"excerpt":{"rendered":"<p>Firmenportrait &nbsp;\u00d6ffnungszeiten Mo. &#8211; Fr.\u00a0\u00a0 08:00 &#8211; 12:30 UhrMo. &#8211; Do. 13:30 &#8211; 17:00 UhrFr.\u00a0\u00a0\u00a0\u00a0\u00a0\u00a0\u00a0\u00a0\u00a0\u00a0\u00a0\u00a0 13:30\u00a0&#8211; 16:00 UhrSeit 1978 ist die Elektrofachgro\u00dfhandlung K. Rothhaupt GmbH als fachlich kompetenter Ansprechpartner f\u00fcr Handwerk, Handel und Industrie regional und \u00fcberregional bekannt.Ein agiles Team aus geschulten und langj\u00e4hrig erfahrenen Mitarbeitern erm\u00f6glicht eine direkte und schnelle Bearbeitung aller Anfragen und [&hellip;]<\/p>\n","protected":false},"author":1,"featured_media":0,"parent":0,"menu_order":0,"comment_status":"closed","ping_status":"closed","template":"","meta":{"_et_pb_use_builder":"on","_et_pb_old_content":"<!-- wp:divi\/placeholder \/-->","_et_gb_content_width":"","footnotes":""},"class_list":["post-19","page","type-page","status-publish","hentry"],"_links":{"self":[{"href":"https:\/\/www.rothhaupt-elektro.de\/index.php\/wp-json\/wp\/v2\/pages\/19","targetHints":{"allow":["GET"]}}],"collection":[{"href":"https:\/\/www.rothhaupt-elektro.de\/index.php\/wp-json\/wp\/v2\/pages"}],"about":[{"href":"https:\/\/www.rothhaupt-elektro.de\/index.php\/wp-json\/wp\/v2\/types\/page"}],"author":[{"embeddable":true,"href":"https:\/\/www.rothhaupt-elektro.de\/index.php\/wp-json\/wp\/v2\/users\/1"}],"replies":[{"embeddable":true,"href":"https:\/\/www.rothhaupt-elektro.de\/index.php\/wp-json\/wp\/v2\/comments?post=19"}],"version-history":[{"count":6,"href":"https:\/\/www.rothhaupt-elektro.de\/index.php\/wp-json\/wp\/v2\/pages\/19\/revisions"}],"predecessor-version":[{"id":141,"href":"https:\/\/www.rothhaupt-elektro.de\/index.php\/wp-json\/wp\/v2\/pages\/19\/revisions\/141"}],"wp:attachment":[{"href":"https:\/\/www.rothhaupt-elektro.de\/index.php\/wp-json\/wp\/v2\/media?parent=19"}],"curies":[{"name":"wp","href":"https:\/\/api.w.org\/{rel}","templated":true}]}}